{"id":124,"date":"2017-11-07T06:18:52","date_gmt":"2017-11-07T06:18:52","guid":{"rendered":"http:\/\/lavozdelnapo.com\/?page_id=124"},"modified":"2024-06-28T21:16:13","modified_gmt":"2024-06-28T21:16:13","slug":"nuestro-editorial","status":"publish","type":"page","link":"https:\/\/lavozdelnapo.com\/index.php\/nuestro-editorial\/","title":{"rendered":"A. DISCAPACIDAD"},"content":{"rendered":"\r\n\r\n\r\n\r\n\r\n\r\n\r\n<section id=\"area01\">\r\n<div class=\"container\">\r\n<div class=\"row\">\r\n<div class=\"aside-title\">\r\n<p><strong>\u00a0<\/strong><strong>VICARIATO APOST\u00d3LICO DE NAPO-<\/strong> <strong>RADIODIFUSORA \u00abLA VOZ DEL NAPO\u00bb- <\/strong><strong>TENA-NAPO-ECUADOR- <\/strong><strong>ENERO 2024<\/strong><\/p>\r\n<p>De acuerdo al Art\u00edculo 37 de la Ley Org\u00e1nica Reformatoria a la Ley Org\u00e1nica de Comunicaci\u00f3n, <strong>\u00abRADIO LA VOZ DEL NAPO\u00bb <\/strong>cumplidora con las disposiciones de la Carta Magna de la Rep\u00fablica de Ecuador, referente a la Secci\u00f3n III, art\u00edculo 16 y art\u00edculo 17 referente a ola comunicaci\u00f3n e informaci\u00f3n indicamos algunos mecanismos que se han implementado para garantizar los derechos de comunicaci\u00f3n para las personas con discapacidad.<\/p>\r\n<p><strong>PRIMERO.- <\/strong>RADIO \u00abLA VOZ DEL NAPO\u00bb como uno de sus objetivos primordiales establece que todos los seres humanos , incluyendo quienes tienen discapacidad valorados por el Ministerio de Salud P\u00fablica como ente rector de dicho sector, deben contar con el derecho a una comunicaci\u00f3n libre, intercultural incluyente y diversa y participativa en cualquier medio y forma, en su propia lengua y con sus propios c\u00f3digos. Las personas con discapacidad tienen igualdad de acceso a la comunicaci\u00f3n y debe estar adaptada para cumplir con sus necesidades de comunicarse.<\/p>\r\n<p><strong>SEGUNDO.- <\/strong>RADIO \u00abLA VOZ DEL NAPO\u00bb comprometida con el Acceso Universal a las Tecnolog\u00edas de la Informaci\u00f3n y de la Comunicaci\u00f3n (TICs), garantiza el acceso universal a la tecnolog\u00edas, ya que es esencial para que los seres humanos con discapacidad utilicen dispositivos y servicios de comunicaci\u00f3n para que puedan adaptarse a sus necesidades.<\/p>\r\n<p><strong>TERCERO.- <\/strong>Con respecto al Acceso y Uso de Formas de Comunicaci\u00f3n Inclusivas, Las personas con discapacidad, deben tener acceso y uso de las formas de Comunicaci\u00f3n::<\/p>\r\n<p>A) Visual.<\/p>\r\n<p>B) Auditiva.<\/p>\r\n<p>C) Sensorial.<\/p>\r\n<p>Y otras que les permitan participar plenamente en la sociedad, por ellos se establecen los siguiente mecanismos:<\/p>\r\n<p><strong>1. Uso de subt\u00edtulos:<\/strong><\/p>\r\n<p>Los subt\u00edtulos son una herramienta indispensable para las personas con discapacidad auditiva o problemas de audici\u00f3n. RADIO \u00abLA VOZ DEL NAPO\u00bb aplica este mecanismo al transcribir los programas o incluyendo subt\u00edtulos en los videos y\/o contenidos multimedias relacionados con Su radio Amiga: Radio \u00abLa Voz del Napo\u00bb, Esto asegura que los seres humanos con discapacidad auditiva tengan acceso a la informaci\u00f3n y el contenido radiof\u00f3nico.<\/p>\r\n<p><strong>2. Incorporaci\u00f3n de un recuadro para la interpretaci\u00f3n de se\u00f1as ecuatoriana:<\/strong><\/p>\r\n<p>La lengua de se\u00f1as es importante para las personas con discapacidades auditivas. Radio \u00abLa Voz del Napo\u00bb ofrece contenido en video con la interpretaci\u00f3n en lengua de se\u00f1as ecuatoriana para que comprendan y participen en los programas de nuestra Emisora Socio-Cultural y Cat\u00f3lica.<\/p>\r\n<p><strong>3. Sistema braille:<\/strong><\/p>\r\n<p>El sistema braile es importante para las personas con discapacidades visuales. RADIO \u00abLA VOZ DEL NAPO\u00bb proporciona material impreso con su Emisora Asociada RADIO MAR\u00cdA-ECUADOR, como son: documentos, programaci\u00f3n o publicidad. As\u00ed mismo, con nuestro sitio web, nos aseguramos de que sea compatible con lectores de pantalla y ofrece informaci\u00f3n en formato digital accesible.<\/p>\r\n<p><strong>CUARTO.- <\/strong>Con respecto a la Pluralidad, Interculturalidad y Diversidad en la Comunicaci\u00f3n, RADIO \u00abLA VOZ DEL NAPO\u00bb fomenta el respeto, la pluralidad y diversidad en la comunicaci\u00f3n, ya que debemos garantizar que las personas con discapacidad tengan acceso a una variedad de medios de comunicaci\u00f3n y\/o redes sociales vinculadas que se adapten a sus necesidades.<\/p>\r\n<p><strong>QUINTO.- <\/strong>El Acceso Universal a Tecnolog\u00edas de Informaci\u00f3n y Comunicaci\u00f3n menciona que el Estado Ecuatoriano debe facilitar el acceso universal a las tecnolog\u00edas de informaci\u00f3n y comunicaci\u00f3n, espec\u00edficamente para las personas con discapacidad que carecen de dicho acceso o lo tienen de forma limitada. Por lo tanto, implica que se deben plantear soluciones concretas para asegurar que las TICS, sean accesibles para todos los ciudadanos, independiente de su tipo de discapacidad detectada por los profesionales.<\/p>\r\n<p><strong>SEXTO.-<\/strong>RADIO \u00abLA VOZ DEL NAPO\u00bb al ser parte del desarrollo de sistemas que se puedan generar nuevos mecanismos para garantizar los derechos de comunicaci\u00f3n de las personas con discapacidad, se encuentra a disposici\u00f3n de aquellas pol\u00edticas p\u00fablicas que permitan la investigaci\u00f3n para mejorar el acceso preferencial de las personas con discapacidad a las tecnolog\u00edas de informaci\u00f3n y comunicaci\u00f3n.<\/p>\r\n<p>Dichos mecanismos ser\u00e1n incorporados prioritariamente en los contenidos de nuestros programas familiares, socio-culturales, edu &#8211; comunicativos, evangelizaci\u00f3n, informativos, campa\u00f1as electorales autorizados por el CNE e informaci\u00f3n emergente sobre riesgos, desastres y anuncios de estados de excepci\u00f3n. Los portales o fang page web de los Medios de Comunicaci\u00f3n de Ecuador o \u00abMass medias\u00bb incorporar\u00e1n normas t\u00e9cnicas de accesibilidad al contenido web.<\/p>\r\n<p>&#8212;&#8212;&#8212;&#8212;&#8212;&#8212;&#8212;&#8212;&#8212;&#8212;&#8212;&#8212;&#8212;&#8212;&#8212;&#8212;&#8212;&#8212;&#8212;&#8212;&#8212;&#8212;&#8212;&#8212;&#8212;&#8212;&#8212;&#8212;&#8212;-<\/p>\r\n<p><strong>CONOZCA SU RADIO AMIGA, \u00abLA VOZ DEL NAPO\u00bb, 88.5 FM<\/strong><\/p>\r\n<p>A cargo del Departamento de Programaci\u00f3n tenemos dos \u00e1reas: Espa\u00f1ol y kichwa. De lunes a domingo contamos con varios programas familiares de evangelizaci\u00f3n, con el acompa\u00f1amiento de voluntarios, que pertenecen a las Patorales del Vicariato Apost\u00f3lico de Napo.<\/p>\r\n<p><img loading=\"lazy\" decoding=\"async\" width=\"640\" height=\"480\" class=\"wp-image-348\" src=\"http:\/\/lavozdelnapo.com\/wp-content\/uploads\/2018\/01\/foto-1.jpg\" alt=\"\" srcset=\"https:\/\/lavozdelnapo.com\/wp-content\/uploads\/2018\/01\/foto-1.jpg 640w, https:\/\/lavozdelnapo.com\/wp-content\/uploads\/2018\/01\/foto-1-300x225.jpg 300w\" sizes=\"auto, (max-width: 640px) 100vw, 640px\" \/><\/p>\r\n<p><strong>\u00a0VOLUNTARIO:<\/strong><\/p>\r\n<p><strong>PROGRAMACI\u00d3N:<\/strong>:<\/p>\r\n<ul>\r\n<li>Presentaci\u00f3n de programas familiares.<\/li>\r\n<li>Producci\u00f3n de Programas en audio y video.<\/li>\r\n<li>Dise\u00f1o gr\u00e1fico de publicaciones para nuestras redes sociales.<\/li>\r\n<li>Locuci\u00f3n de cu\u00f1as de radio y para las redes sociales.<\/li>\r\n<\/ul>\r\n<\/div>\r\n<\/div>\r\n<\/div>\r\n<\/section>\r\n<section id=\"area01\">\r\n<div class=\"container\">\r\n<div class=\"row\">\r\n<div class=\"col-md-6 m-b-20\">\r\n<p><strong>ADMINISTRATIVO:<\/strong><\/p>\r\n<p>El \u00c1rea Administrativa de Radio \u00abLa Voz del Napo\u00bb, 88.5 FM hace posible su funcionamiento\u00a0 y busca conseguir cu\u00f1as publicitarias de nuestros anunciantes.<\/p>\r\n<p><strong>ACTIVIDADES:<\/strong><\/p>\r\n<ul>\r\n<li>La Administraci\u00f3n propiamente dicha.<\/li>\r\n<li>La acogida, donaciones y grupos de oraci\u00f3n.<\/li>\r\n<\/ul>\r\n<\/div>\r\n<\/div>\r\n<\/div>\r\n<\/section>\r\n<section id=\"area01\">\r\n<div class=\"container\">\r\n<div class=\"row\">\r\n<div class=\"col-md-6 m-b-20\">\r\n<div class=\"aside-title\"><strong>\u00c1REA T\u00c9CNICA:<\/strong><\/div>\r\n<p>El Departamento T\u00e9cnico se encarga de garantizar el normal funcionamiento de los equipos. Por ello el voluntariado de \u00e9sta \u00e1rea debe ser estrictamente t\u00e9cnico.<\/p>\r\n<p><strong>ACTIVIDADES: <\/strong>Monitoreo de la se\u00f1al de la Radio en cada cant\u00f3n.<\/p>\r\n<ul>\r\n<li>Asistencia personal en el sitio en que se encuentran las antenas.<\/li>\r\n<li>Mantenimiento y limpieza de los equipos de computaci\u00f3n.<\/li>\r\n<li>Mantenimiento y limpieza de los equipos electr\u00f3nicos.<\/li>\r\n<li>\u00a0<\/li>\r\n<li><strong>TARIFARIO: 45 CENTAVOS EL SEGUNDO.<br \/><\/strong><\/li>\r\n<\/ul>\r\n<\/div>\r\n<\/div>\r\n<\/div>\r\n<\/section>","protected":false},"excerpt":{"rendered":"<p>\u00a0VICARIATO APOST\u00d3LICO DE NAPO- RADIODIFUSORA \u00abLA VOZ DEL NAPO\u00bb- TENA-NAPO-ECUADOR- ENERO 2024 De acuerdo al Art\u00edculo 37 de la Ley Org\u00e1nica Reformatoria a la Ley Org\u00e1nica de Comunicaci\u00f3n, \u00abRADIO LA VOZ DEL NAPO\u00bb cumplidora con las disposiciones de la Carta Magna de la Rep\u00fablica de Ecuador, referente a la Secci\u00f3n III, art\u00edculo 16 y art\u00edculo &hellip; <\/p>\n<p class=\"link-more\"><a href=\"https:\/\/lavozdelnapo.com\/index.php\/nuestro-editorial\/\" class=\"more-link\">Continuar leyendo<span class=\"screen-reader-text\"> \u00abA. DISCAPACIDAD\u00bb<\/span><\/a><\/p>\n","protected":false},"author":1,"featured_media":0,"parent":0,"menu_order":1,"comment_status":"closed","ping_status":"closed","template":"","meta":{"footnotes":""},"class_list":["post-124","page","type-page","status-publish","hentry"],"_links":{"self":[{"href":"https:\/\/lavozdelnapo.com\/index.php\/wp-json\/wp\/v2\/pages\/124","targetHints":{"allow":["GET"]}}],"collection":[{"href":"https:\/\/lavozdelnapo.com\/index.php\/wp-json\/wp\/v2\/pages"}],"about":[{"href":"https:\/\/lavozdelnapo.com\/index.php\/wp-json\/wp\/v2\/types\/page"}],"author":[{"embeddable":true,"href":"https:\/\/lavozdelnapo.com\/index.php\/wp-json\/wp\/v2\/users\/1"}],"replies":[{"embeddable":true,"href":"https:\/\/lavozdelnapo.com\/index.php\/wp-json\/wp\/v2\/comments?post=124"}],"version-history":[{"count":56,"href":"https:\/\/lavozdelnapo.com\/index.php\/wp-json\/wp\/v2\/pages\/124\/revisions"}],"predecessor-version":[{"id":4705,"href":"https:\/\/lavozdelnapo.com\/index.php\/wp-json\/wp\/v2\/pages\/124\/revisions\/4705"}],"wp:attachment":[{"href":"https:\/\/lavozdelnapo.com\/index.php\/wp-json\/wp\/v2\/media?parent=124"}],"curies":[{"name":"wp","href":"https:\/\/api.w.org\/{rel}","templated":true}]}}